{"id":44,"date":"2012-10-09T20:58:57","date_gmt":"2012-10-09T18:58:57","guid":{"rendered":"http:\/\/www.falken-nuernberg.de\/wordpress\/?page_id=44"},"modified":"2025-10-21T15:21:43","modified_gmt":"2025-10-21T13:21:43","slug":"der-falkenturm","status":"publish","type":"page","link":"https:\/\/www.falken-nuernberg.de\/?page_id=44","title":{"rendered":"Falkenturm"},"content":{"rendered":"<p><a href=\"http:\/\/www.falken-nuernberg.de\/wordpress\/wp-content\/uploads\/2014\/10\/P1030085.jpg\"><img loading=\"lazy\" decoding=\"async\" class=\"alignright wp-image-823\" src=\"http:\/\/www.falken-nuernberg.de\/wordpress\/wp-content\/uploads\/2014\/10\/P1030085.jpg\" alt=\"P1030085\" width=\"210\" height=\"275\" \/><\/a><\/p>\n<p class=\"MsoNormal\">Nur 3 min vom Hauptbahnhof entfernt, an der <strong>Frauentormauer 3<\/strong>, steht unser sch\u00f6ner Falkenturm.<\/p>\n<p>Im Falkenturm treffen wir uns regelm\u00e4\u00dfig, haben eine offene Kneipe, organisieren Konzerte, kleine Feste oder kochen zusammen und und und &#8230;<\/p>\n<p>Wolltest du auch schon immer mal ein Konzert organisieren oder suchst du einfach einen Ort an dem du mit deinen Freundinnen und Freunden dein Lieblingsspiel zocken kannst?<\/p>\n<p>Dann bist du hier genau richtig &#8211; schau doch mal vorbei!<\/p>\n<p><strong>Komm vorbei zur Jugendkneipe im Donnerstagsturm!<\/strong><br \/>\nAlle 2 Wochen donnerstags ab 19 Uhr gibt es im Falkenturm, Spa\u00df, Action, Leckereien, Diskussionen, nette Leute und worauf du sonst noch Lust hast.<\/p>\n<p><span id=\"result_box\" class=\"\" lang=\"en\"><strong><span class=\"hps\">Come over!<\/span><\/strong><br \/>\n<span class=\"hps\">Every second week Thursday<\/span> <span class=\"hps\">from 19 clock<\/span><span class=\"hps\"> at the<\/span> <span class=\"hps\">&#8222;Falkenturm&#8220;<\/span>, <span class=\"hps\">Fun,<\/span> <span class=\"hps\">Action<\/span><span class=\"\">,<\/span> <span class=\"hps\">treats<\/span>, <span class=\"hps\">discussions<\/span>, <span class=\"hps\">nice people<\/span> <span class=\"hps\">and what<\/span> <span class=\"hps\">else you have<\/span> <span class=\"hps\">desire<\/span><span class=\"\">.<\/span><\/span><\/p>\n<p style=\"text-align: left;\"><strong>Frauentormauer 3, 90402 N\u00fcrnberg<br \/>\n<\/strong><\/p>\n<p style=\"text-align: left;\">Aktuelles, (vorl\u00e4ufiges) Programm wird immer auf Insta ver\u00f6ffentlicht: <a href=\"https:\/\/www.instagram.com\/falken.nuernberg\/\" target=\"_blank\" rel=\"noopener\">https:\/\/www.instagram.com\/falken.nuernberg\/<\/a><\/p>\n<p>Der Kinder- und Jugendtreff &#8222;Falkenturm&#8220; ist eine Einrichtung der offenen Kinder- und Jugendarbeit (OKJA) in der Stadt N\u00fcrnberg und wir gef\u00f6rdert durch die Stadt N\u00fcrnberg, Referat f\u00fcr Jugend, Familien und Soziales.<\/p>\n<p>&nbsp;<\/p>\n<p><a href=\"http:\/\/www.falken-nuernberg.de\/wordpress\/wp-content\/uploads\/2012\/10\/485693_445636018808349_719495936_n.jpg\"><img loading=\"lazy\" decoding=\"async\" class=\"size-medium wp-image-417 alignleft\" src=\"http:\/\/www.falken-nuernberg.de\/wordpress\/wp-content\/uploads\/2012\/10\/485693_445636018808349_719495936_n-300x199.jpg\" alt=\"\" width=\"300\" height=\"199\" srcset=\"https:\/\/www.falken-nuernberg.de\/wordpress\/wp-content\/uploads\/2012\/10\/485693_445636018808349_719495936_n-300x199.jpg 300w, https:\/\/www.falken-nuernberg.de\/wordpress\/wp-content\/uploads\/2012\/10\/485693_445636018808349_719495936_n-450x300.jpg 450w, https:\/\/www.falken-nuernberg.de\/wordpress\/wp-content\/uploads\/2012\/10\/485693_445636018808349_719495936_n.jpg 640w\" sizes=\"auto, (max-width: 300px) 100vw, 300px\" \/><\/a><\/p>\n<p>Und so siehts aus im Falkenturm: <a href=\"http:\/\/www.falken-nuernberg.de\/wordpress\/wp-content\/uploads\/2012\/10\/Turm-\u00dcbersicht1.pdf\">Turm-\u00dcbersicht<\/a><\/p>\n<p><a href=\"http:\/\/www.falken-nuernberg.de\/wordpress\/wp-content\/uploads\/2012\/10\/Bild012.jpg\"><img loading=\"lazy\" decoding=\"async\" class=\"alignnone size-full wp-image-979\" src=\"http:\/\/www.falken-nuernberg.de\/wordpress\/wp-content\/uploads\/2012\/10\/Bild012.jpg\" alt=\"Bild012\" width=\"1280\" height=\"1024\" srcset=\"https:\/\/www.falken-nuernberg.de\/wordpress\/wp-content\/uploads\/2012\/10\/Bild012.jpg 1280w, https:\/\/www.falken-nuernberg.de\/wordpress\/wp-content\/uploads\/2012\/10\/Bild012-300x240.jpg 300w, https:\/\/www.falken-nuernberg.de\/wordpress\/wp-content\/uploads\/2012\/10\/Bild012-1024x819.jpg 1024w, https:\/\/www.falken-nuernberg.de\/wordpress\/wp-content\/uploads\/2012\/10\/Bild012-375x300.jpg 375w\" sizes=\"auto, (max-width: 1280px) 100vw, 1280px\" \/><\/a><\/p>\n<h1><\/h1>\n","protected":false},"excerpt":{"rendered":"<p>Nur 3 min vom Hauptbahnhof entfernt, an der Frauentormauer 3, steht unser sch\u00f6ner Falkenturm. Im Falkenturm treffen wir uns regelm\u00e4\u00dfig, haben eine offene Kneipe, organisieren Konzerte, kleine Feste oder kochen zusammen und und und &#8230; Wolltest du auch schon immer &hellip; <a href=\"https:\/\/www.falken-nuernberg.de\/?page_id=44\">Weiterlesen <span class=\"meta-nav\">&rarr;<\/span><\/a><\/p>\n","protected":false},"author":5,"featured_media":0,"parent":0,"menu_order":3,"comment_status":"open","ping_status":"closed","template":"","meta":{"footnotes":""},"class_list":["post-44","page","type-page","status-publish","hentry"],"_links":{"self":[{"href":"https:\/\/www.falken-nuernberg.de\/index.php?rest_route=\/wp\/v2\/pages\/44","targetHints":{"allow":["GET"]}}],"collection":[{"href":"https:\/\/www.falken-nuernberg.de\/index.php?rest_route=\/wp\/v2\/pages"}],"about":[{"href":"https:\/\/www.falken-nuernberg.de\/index.php?rest_route=\/wp\/v2\/types\/page"}],"author":[{"embeddable":true,"href":"https:\/\/www.falken-nuernberg.de\/index.php?rest_route=\/wp\/v2\/users\/5"}],"replies":[{"embeddable":true,"href":"https:\/\/www.falken-nuernberg.de\/index.php?rest_route=%2Fwp%2Fv2%2Fcomments&post=44"}],"version-history":[{"count":33,"href":"https:\/\/www.falken-nuernberg.de\/index.php?rest_route=\/wp\/v2\/pages\/44\/revisions"}],"predecessor-version":[{"id":3679,"href":"https:\/\/www.falken-nuernberg.de\/index.php?rest_route=\/wp\/v2\/pages\/44\/revisions\/3679"}],"wp:attachment":[{"href":"https:\/\/www.falken-nuernberg.de\/index.php?rest_route=%2Fwp%2Fv2%2Fmedia&parent=44"}],"curies":[{"name":"wp","href":"https:\/\/api.w.org\/{rel}","templated":true}]}}