{"id":2760,"date":"2020-03-21T16:01:07","date_gmt":"2020-03-21T14:01:07","guid":{"rendered":"http:\/\/www.falken-nuernberg.de\/?page_id=2760"},"modified":"2020-03-22T10:28:47","modified_gmt":"2020-03-22T08:28:47","slug":"%e2%9c%89%ef%b8%8f-was-haben-wir-gemacht","status":"publish","type":"page","link":"https:\/\/www.falken-nuernberg.de\/?page_id=2760","title":{"rendered":"\u2709\ufe0f WAS HABEN WIR GEMACHT"},"content":{"rendered":"<p>Wir haben eine Postkartenaktion gestartet, um auf die katastrophalen Zust\u00e4nde in den \u00a0griechischen Fl\u00fcchtlingslagern aufmerksam zu machen. Dazu haben wir bunte Karten mit Forderungen gebastelt und an Politiker*innen geschickt. Jetzt hoffen wir, dass bei der Aktion noch viele mitmachen. Je mehr Menschen mitmachen, desto lauter ist unsere Stimme!<\/p>\n<p>Wir haben mit dem Kartenherstellen in unserem offenen Kindercaf\u00e9 in N\u00fcrnberg schon angefangen, als wir uns dort noch ohne Risiko treffen konnten. Die Kartenrohlinge hatten wir aus der Schreibwarenabteilung einer Drogerie (50 Stk ca. 2,80\u20ac). Wir haben Sie mit verschiedenen Methoden bunt gestaltet und dann gemeinsam Botschaften auf die Karte geschrieben, z.B. &#8222;Europa hat genug Platz&#8220;, &#8222;Wir haben Platz&#8220; aber auch englische S\u00e4tze wie &#8222;Refugees welcome!&#8220; und &#8222;No one left behind&#8220;.\u00a0Hinten auf die Karte haben wir geschrieben, was wir wollen: Wir wollen, dass an Alle Menschen gedacht wird. Es gibt Menschen, die mussten ihr Zuhause verlassen, weil sie es dort schlecht hatten, zum Beispiel weil dort Krieg ist. Diese Menschen sind gefl\u00fcchtet. Einige haben schon ein neues Zuhause gefunden, aber viele sind noch auf einer langen Reise &#8211; eine Reise, die sehr schwierig und gef\u00e4hrlich ist. Es leben gerade viele Menschen in Fl\u00fcchtlingslagern in Griechenland. In diesen Fl\u00fcchtlingslagern geht es den Menschen nicht gut, weil sie keine Wohnung haben, wenig Essen und es dort kaum \u00c4rzt*innen gibt. Die Menschen dort brauchen sofort Hilfe, aber viele Politiker*innen wollen gerade nicht helfen. Deswegen schreiben wir diese Postkarten und fordern, dass auch diesen Menschen geholfen wird.<\/p>\n<p>Jetzt m\u00fcssen wir nat\u00fcrlich unsere Bastelei und auch das Schreiben nach Hause verlagern, weil unser Kindercaf\u00e9 erstmal geschlossen bleiben muss. Aber weil jetzt gerade viele Menschen zu Hause sind, k\u00f6nnen sie bei der Postkartenaktion von dort aus mitmachen. Sei auch du dabei!<\/p>\n<p><a href=\"http:\/\/www.falken-nuernberg.de\/wordpress\/wp-content\/uploads\/2020\/03\/postkarte3-scaled.jpg\"><img loading=\"lazy\" decoding=\"async\" class=\"alignnone size-full wp-image-2841\" src=\"http:\/\/www.falken-nuernberg.de\/wordpress\/wp-content\/uploads\/2020\/03\/postkarte3-scaled.jpg\" alt=\"Postkarte\" width=\"2560\" height=\"2560\" srcset=\"https:\/\/www.falken-nuernberg.de\/wordpress\/wp-content\/uploads\/2020\/03\/postkarte3-scaled.jpg 2560w, https:\/\/www.falken-nuernberg.de\/wordpress\/wp-content\/uploads\/2020\/03\/postkarte3-300x300.jpg 300w, https:\/\/www.falken-nuernberg.de\/wordpress\/wp-content\/uploads\/2020\/03\/postkarte3-1024x1024.jpg 1024w, https:\/\/www.falken-nuernberg.de\/wordpress\/wp-content\/uploads\/2020\/03\/postkarte3-150x150.jpg 150w, https:\/\/www.falken-nuernberg.de\/wordpress\/wp-content\/uploads\/2020\/03\/postkarte3-768x768.jpg 768w, https:\/\/www.falken-nuernberg.de\/wordpress\/wp-content\/uploads\/2020\/03\/postkarte3-1536x1536.jpg 1536w, https:\/\/www.falken-nuernberg.de\/wordpress\/wp-content\/uploads\/2020\/03\/postkarte3-2048x2048.jpg 2048w\" sizes=\"auto, (max-width: 2560px) 100vw, 2560px\" \/><\/a><\/p>\n<p style=\"margin: 1.625em 0 0.75em;\"><strong style=\"padding-bottom: 0;\">\u270d\ufe0f Das ist unser Text, den wir auf die Karten schreiben:<\/strong><\/p>\n<div style=\"padding: 0 20px 10px 20px; font-style: italic;\">Sehr geehrte\/ Sehr geehrter (Name des\/der Empf\u00e4nger*in einf\u00fcgen),<br \/>\nin den letzten Tagen wird viel von Solidarit\u00e4t und Verantwortung geredet, weil jedes Menschenleben wertvoll ist. Bitte setzen Sie sich daf\u00fcr ein, dass auch die gefl\u00fcchteten Menschen an den EU-Au\u00dfengrenzen einen lebenswerten R\u00fcckzugsort in Sicherheit bekommen. Wir haben doch Platz hier. #leaveNoOneBehind #stayathome #flattenthecurve #wirHabenPlatz<\/div>\n<div style=\"padding: 0 20px 10px 20px; font-style: italic;\"><em>P.S.: Wenn Ihnen die Karte gef\u00e4llt, posten Sie doch bitte ein Foto auf Social Media<\/em><\/div>\n<p>Diese Karten haben wir dann per Mail und Post an Abgeordnete des Bundestages geschickt. Da es sehr viele Politiker*innen gibt, haben wir zuerst mit denen, die in unserer N\u00e4he wohnen begonnen. Also die mit, deren Postleitzahl auch mit 904 anf\u00e4ngt. Bastel auch du deine Karten und schick sie den Politiker*innen aus deinem Umkreis.<\/p>\n<div style=\"display: flex; margin: auto;\"><a style=\"display: flex; padding: 10px 15px; background-color: #14168D; color: #ffffff; border-radius: 4px; text-decoration: none; font-weight: bold;\" href=\"http:\/\/www.falken-nuernberg.de\/?p=2980\" rel=\"noopener noreferrer\">Zur\u00fcck<\/a><\/div>\n","protected":false},"excerpt":{"rendered":"<p>Wir haben eine Postkartenaktion gestartet, um auf die katastrophalen Zust\u00e4nde in den \u00a0griechischen Fl\u00fcchtlingslagern aufmerksam zu machen. Dazu haben wir bunte Karten mit Forderungen gebastelt und an Politiker*innen geschickt. Jetzt hoffen wir, dass bei der Aktion noch viele mitmachen. Je &hellip; <a href=\"https:\/\/www.falken-nuernberg.de\/?page_id=2760\">Weiterlesen <span class=\"meta-nav\">&rarr;<\/span><\/a><\/p>\n","protected":false},"author":1,"featured_media":0,"parent":0,"menu_order":0,"comment_status":"closed","ping_status":"closed","template":"","meta":{"footnotes":""},"class_list":["post-2760","page","type-page","status-publish","hentry"],"_links":{"self":[{"href":"https:\/\/www.falken-nuernberg.de\/index.php?rest_route=\/wp\/v2\/pages\/2760","targetHints":{"allow":["GET"]}}],"collection":[{"href":"https:\/\/www.falken-nuernberg.de\/index.php?rest_route=\/wp\/v2\/pages"}],"about":[{"href":"https:\/\/www.falken-nuernberg.de\/index.php?rest_route=\/wp\/v2\/types\/page"}],"author":[{"embeddable":true,"href":"https:\/\/www.falken-nuernberg.de\/index.php?rest_route=\/wp\/v2\/users\/1"}],"replies":[{"embeddable":true,"href":"https:\/\/www.falken-nuernberg.de\/index.php?rest_route=%2Fwp%2Fv2%2Fcomments&post=2760"}],"version-history":[{"count":42,"href":"https:\/\/www.falken-nuernberg.de\/index.php?rest_route=\/wp\/v2\/pages\/2760\/revisions"}],"predecessor-version":[{"id":2988,"href":"https:\/\/www.falken-nuernberg.de\/index.php?rest_route=\/wp\/v2\/pages\/2760\/revisions\/2988"}],"wp:attachment":[{"href":"https:\/\/www.falken-nuernberg.de\/index.php?rest_route=%2Fwp%2Fv2%2Fmedia&parent=2760"}],"curies":[{"name":"wp","href":"https:\/\/api.w.org\/{rel}","templated":true}]}}